{"id":80,"date":"2024-10-26T18:34:04","date_gmt":"2024-10-26T16:34:04","guid":{"rendered":"https:\/\/promitec.es\/news\/?post_type=product&#038;p=80"},"modified":"2024-10-30T12:21:14","modified_gmt":"2024-10-30T11:21:14","slug":"longex","status":"publish","type":"product","link":"http:\/\/promitec.es\/news\/product\/longex\/","title":{"rendered":"LongeX"},"content":{"rendered":"<table>\n<tbody>\n<tr>\n<td>Sitio web<\/td>\n<td>LongeX.es<\/td>\n<\/tr>\n<tr>\n<td>Acci\u00f3n<\/td>\n<td>\u2714 Mejorar la potencia y la capacidad de mantener una erecci\u00f3n.<br \/>\n\u2714 Aumento de la libido.<br \/>\n\u2714 Mayor rendimiento y energ\u00eda.<br \/>\n\u2714 Impacto positivo en las asociaciones.<\/td>\n<\/tr>\n<tr>\n<td>Componentes<\/td>\n<td>\u2714 Extracto de ra\u00edz de ginseng coreano;<br \/>\n\u2714 Extracto de hoja de Ginkgo biloba;<br \/>\n\u2714 Extracto de fruta de pimienta;<br \/>\n\u2714 Extracto de pimienta negra.<\/td>\n<\/tr>\n<tr>\n<td>Instrucciones de uso<\/td>\n<td>\u2714 Se recomienda tomar dos c\u00e1psulas al d\u00eda.<br \/>\n\u2714 Tomar una c\u00e1psula por la ma\u00f1ana.<br \/>\n\u2714 Se recomienda tomar la segunda c\u00e1psula por la noche.<br \/>\n\u2714 La duraci\u00f3n recomendada es de 1 mes.<\/td>\n<\/tr>\n<tr>\n<td>Volumen<\/td>\n<td>6 c\u00e1psulas<\/td>\n<\/tr>\n<tr>\n<td>Precio<\/td>\n<td>\ud83d\uded1 790 MXN<\/td>\n<\/tr>\n<tr>\n<td>Entrega<\/td>\n<td>Aproximadamente 8 d\u00edas<\/td>\n<\/tr>\n<\/tbody>\n<\/table>\n<h2><b>Con las c\u00e1psulas LongeX alcanzar\u00e1s un nuevo nivel de potencia<\/b><\/h2>\n<p><img loading=\"lazy\" decoding=\"async\" class=\"aligncenter size-full wp-image-14\" src=\"http:\/\/promitec.es\/news\/wp-content\/uploads\/2023\/12\/LongeX-7.jpg\" alt=\"LongeX precio farmacia del ahorro\" width=\"500\" height=\"329\" srcset=\"https:\/\/promitec.es\/news\/wp-content\/uploads\/2023\/12\/LongeX-7.jpg 500w, https:\/\/promitec.es\/news\/wp-content\/uploads\/2023\/12\/LongeX-7-300x197.jpg 300w\" sizes=\"(max-width: 500px) 100vw, 500px\" \/><\/p>\n<p>\u00bfAlguna vez has so\u00f1ado con aumentar tu masculinidad y potencia? Para que sirve LongeX es tu llave personal a un mundo lleno de energ\u00eda, resistencia y experiencias inolvidables. Nuestro producto no es s\u00f3lo una soluci\u00f3n a los problemas, sino tambi\u00e9n un puente hacia una vida de satisfacci\u00f3n y confianza en uno mismo. Gracias a LongeX podr\u00e1s disfrutar plenamente de tu masculinidad, recuperando la confianza perdida en ti mismo. Nuestra f\u00f3rmula de ingredientes innovadores le ayudar\u00e1 a aumentar la resistencia y restaurar la vitalidad. Olvida tus miedos y disfruta de las experiencias llenas de acci\u00f3n que LongeX tiene reservadas para ti. Es hora de sentirse m\u00e1s fuerte, m\u00e1s seguro y preparado para nuevos desaf\u00edos. \u00a1Descubre LongeX y asciende a un nivel superior de masculinidad!<\/p>\n<h2><b>Impotencia psicol\u00f3gica<\/b><\/h2>\n<p>A menudo, la impotencia es consecuencia de trastornos nerviosos (psicosom\u00e1ticos). En tales casos, el problema es especialmente grave. Esto se debe al hecho de que el aumento de la ansiedad y otras causas provocan disfunci\u00f3n er\u00e9ctil. Al mismo tiempo, la impotencia en s\u00ed misma provoca un estado de depresi\u00f3n en el hombre. Es extremadamente dif\u00edcil salir de un c\u00edrculo vicioso, pero definitivamente no debes rendirte.<\/p>\n<p>Es necesario comprender que hoy en d\u00eda muchos hombres (incluso a una edad temprana) se enfrentan a una disfunci\u00f3n er\u00e9ctil psicol\u00f3gica. Y casi todo el mundo ha tenido al menos una vez una relaci\u00f3n sexual fallida. Por supuesto, en este caso es imposible diagnosticar la disfunci\u00f3n er\u00e9ctil en los hombres, pero incluso un solo fallo puede hacer que un representante del sexo m\u00e1s fuerte dude de sus propias capacidades sexuales y provocar el desarrollo de una patolog\u00eda.<\/p>\n<p>Las causas de la impotencia psicol\u00f3gica pueden ser:<\/p>\n<ul>\n<li aria-level=\"1\">Fatiga extrema<\/li>\n<li aria-level=\"1\">Incertidumbre sobre las relaciones sexuales.<\/li>\n<li aria-level=\"1\">Trauma psic\u00f3logico<\/li>\n<li aria-level=\"1\">P\u00e9rdida del deseo sexual y de las relaciones con las mujeres en general.<\/li>\n<\/ul>\n<h2><b>\u00bfQu\u00e9 es este nuevo f\u00e1rmaco LongeX para aumentar la potencia?<\/b><\/h2>\n<p><img loading=\"lazy\" decoding=\"async\" class=\"aligncenter size-full wp-image-13\" src=\"http:\/\/promitec.es\/news\/wp-content\/uploads\/2023\/12\/LongeX-6.jpg\" alt=\"LongeX walmart\" width=\"500\" height=\"317\" srcset=\"https:\/\/promitec.es\/news\/wp-content\/uploads\/2023\/12\/LongeX-6.jpg 500w, https:\/\/promitec.es\/news\/wp-content\/uploads\/2023\/12\/LongeX-6-300x190.jpg 300w\" sizes=\"(max-width: 500px) 100vw, 500px\" \/><\/p>\n<p>LongeX es un suplemento revolucionario en forma de c\u00e1psulas dise\u00f1ado para hombres que desean mejorar su vida sexual. Nuestro producto est\u00e1 dise\u00f1ado para quienes luchan con problemas de erecci\u00f3n, que a menudo afectan su confianza en s\u00ed mismos y su satisfacci\u00f3n con su vida \u00edntima. Adem\u00e1s, LongeX es una opci\u00f3n ideal para hombres mayores que pueden experimentar una disminuci\u00f3n natural en la actividad sexual, as\u00ed como para aquellos que viven bajo estr\u00e9s constante y tienen dificultades para mantener la armon\u00eda entre su vida profesional y personal.<\/p>\n<p>Gracias a ingredientes cuidadosamente seleccionados, LongeX puede ayudar a mejorar la circulaci\u00f3n sangu\u00ednea, aumentar los niveles de testosterona y aumentar la libido. Nuestro suplemento es seguro y eficaz, lo que significa que puedes disfrutar plenamente de tu masculinidad sin preocuparte por los efectos secundarios. LongeX es la clave para recuperar el control de tu vida sexual y sentir verdadera satisfacci\u00f3n en el dormitorio.<\/p>\n<h2><b>LongeX &#8211; \u00bfFunciona para mejorar las sensaciones en la cama?<\/b><\/h2>\n<p>LongeX no es s\u00f3lo un complemento, sino ante todo un apoyo al potencial masculino. Nuestra f\u00f3rmula \u00fanica de ingredientes activos ha sido cuidadosamente desarrollada para ayudar a los hombres a lograr una vida sexual m\u00e1s plena y satisfactoria. Tiene un efecto multifac\u00e9tico, ayudando a mejorar las erecciones al aumentar el flujo sangu\u00edneo a los genitales, lo que tiene un efecto positivo en la calidad y durabilidad de las erecciones. Adem\u00e1s, LongeX estimula la libido, haciendo que los hombres se sientan m\u00e1s inclinados a ser sexualmente activos.<\/p>\n<p>Nuestro suplemento tambi\u00e9n proporciona energ\u00eda adicional, que es esencial para aumentar la resistencia y la intensidad de las experiencias \u00edntimas. Gracias a LongeX, los hombres pueden sentirse m\u00e1s seguros y relajados en el dormitorio, lo que tiene un efecto positivo en su vida \u00edntima y su salud mental en general. Este enfoque integral de la mejora masculina hace de LongeX una herramienta indispensable para quienes desean alcanzar la m\u00e1xima calidad de vida sexual.<\/p>\n<h2><b>Beneficios de la droga LongeX para el desempe\u00f1o de un hombre en la cama<\/b><\/h2>\n<p><img loading=\"lazy\" decoding=\"async\" class=\"aligncenter size-full wp-image-17\" src=\"http:\/\/promitec.es\/news\/wp-content\/uploads\/2023\/12\/LongeX-10.jpg\" alt=\"LongeX precio farmacia similares\" width=\"500\" height=\"429\" srcset=\"https:\/\/promitec.es\/news\/wp-content\/uploads\/2023\/12\/LongeX-10.jpg 500w, https:\/\/promitec.es\/news\/wp-content\/uploads\/2023\/12\/LongeX-10-300x257.jpg 300w\" sizes=\"(max-width: 500px) 100vw, 500px\" \/><\/p>\n<p>LongeX ofrece una mejora integral de la salud de los hombres. Nuestro suplemento tiene muchos beneficios, incluyendo:<\/p>\n<ol>\n<li aria-level=\"1\"><b>Mejora la potencia y la capacidad para mantener una erecci\u00f3n<\/b>: LongeX contiene ingredientes que ayudan a aumentar el flujo sangu\u00edneo a los genitales, lo que promueve erecciones fuertes y duraderas, ayudando a los hombres a superar los problemas de erecci\u00f3n.<\/li>\n<li aria-level=\"1\"><b>Aumento de la libido: <\/b>con la f\u00f3rmula \u00fanica de LongeX, puedes sentir un mayor deseo de actividad sexual, haciendo que tu vida \u00edntima sea m\u00e1s excitante y satisfactoria.<\/li>\n<li aria-level=\"1\"><b>Mayor rendimiento y energ\u00eda:<\/b> el suplemento LongeX proporciona energ\u00eda adicional, lo que permite aumentar la resistencia y la intensidad de las experiencias \u00edntimas.<\/li>\n<li aria-level=\"1\"><b>Impacto positivo en las relaciones de pareja:<\/b> las habilidades sexuales mejoradas a trav\u00e9s de LongeX pueden promover una mayor comprensi\u00f3n e intimidad con su pareja, lo que lleva a relaciones m\u00e1s satisfactorias.<\/li>\n<li aria-level=\"1\"><b>Bienestar general mejorado:<\/b> al restaurar la confianza en uno mismo y la satisfacci\u00f3n con su vida sexual, LongeX ayuda a mejorar su bienestar general. influencia en los hombres, impactando positivamente en su salud mental y emocional.<\/li>\n<\/ol>\n<p>LongeX es una soluci\u00f3n integral que ayuda a los hombres a desarrollar todo su potencial sexual y llevar una vida m\u00e1s sana y plena.<\/p>\n<h2><b>\u00bfQu\u00e9 hay en LongeX es bueno o malo?<\/b><\/h2>\n<p>Los ingredientes contenidos en LongeX resultados reales son la clave de su eficacia:<\/p>\n<ol>\n<li aria-level=\"1\"><b>Extracto de ra\u00edz de ginseng coreano: <\/b>el ginseng coreano es conocido por sus propiedades beneficiosas. tiene un efecto positivo sobre la libido y el rendimiento sexual. Esto ayuda a mejorar el flujo sangu\u00edneo a los genitales, lo que puede promover erecciones m\u00e1s fuertes y duraderas.<\/li>\n<li aria-level=\"1\"><b>Extracto de hoja de Ginkgo Biloba:<\/b> Ginkgo biloba es una planta que ayuda a mejorar la circulaci\u00f3n sangu\u00ednea, lo cual es importante para la capacidad de mantener una erecci\u00f3n. Tambi\u00e9n es un ingrediente que puede ayudar a mejorar la resistencia.<\/li>\n<li aria-level=\"1\"><b>Extracto de fruto de pimiento: <\/b>El extracto de fruto de pimiento puede ayudar a mejorar la absorci\u00f3n de otros ingredientes, lo que puede aumentar la eficacia general del suplemento.<\/li>\n<li aria-level=\"1\"><b>Extracto de pimienta negra:<\/b> al igual que el extracto de pimienta, la pimienta negra puede ayudar a mejorar la absorci\u00f3n de nutrientes, lo cual es fundamental para el funcionamiento del suplemento.<\/li>\n<li aria-level=\"1\"><b>Cafe\u00edna anhidra: <\/b>La cafe\u00edna puede ayudar a aumentar los niveles de energ\u00eda y mejorar el rendimiento general, lo que puede ser beneficioso tanto para la vida sexual como para las actividades diarias.<\/li>\n<li aria-level=\"1\"><b>Zinc: <\/b>El zinc es un micronutriente extremadamente importante para la salud de los hombres. Ayuda a mantener niveles normales de testosterona y tiene un efecto positivo en el rendimiento sexual.<\/li>\n<\/ol>\n<p>Estos ingredientes, utilizados en proporciones adecuadas, crean una f\u00f3rmula LongeX \u00fanica que ayuda a mejorar la potencia masculina y la vida sexual.<\/p>\n<h2><b>\u00bfC\u00f3mo se aplican las c\u00e1psulas LongeX?<\/b><\/h2>\n<p><img loading=\"lazy\" decoding=\"async\" class=\"aligncenter size-full wp-image-16\" src=\"http:\/\/promitec.es\/news\/wp-content\/uploads\/2023\/12\/LongeX-9.jpg\" alt=\"LongeX precio\" width=\"500\" height=\"387\" srcset=\"https:\/\/promitec.es\/news\/wp-content\/uploads\/2023\/12\/LongeX-9.jpg 500w, https:\/\/promitec.es\/news\/wp-content\/uploads\/2023\/12\/LongeX-9-300x232.jpg 300w\" sizes=\"(max-width: 500px) 100vw, 500px\" \/><\/p>\n<p>Para obtener mejores resultados, se recomienda como se usa el dos c\u00e1psulas LongeX al d\u00eda. Vale la pena tomar una c\u00e1psula por la ma\u00f1ana para aportar al organismo los nutrientes esenciales para empezar el d\u00eda. Se recomienda tomar la segunda c\u00e1psula por la noche, lo que puede ayudar a preparar el cuerpo para la actividad sexual nocturna.<\/p>\n<p>Para garantizar la m\u00e1xima eficacia, las c\u00e1psulas LongeX funciona deben tomarse con un vaso de agua. Esto promueve una mejor absorci\u00f3n de nutrientes por parte del cuerpo, lo que a su vez ayuda a lograr los resultados deseados. Aseg\u00farese de seguir las recomendaciones de dosificaci\u00f3n y no exceda la cantidad recomendada de c\u00e1psulas por d\u00eda.<\/p>\n<h2><b>Efectos secundarios y contraindicaciones<\/b><\/h2>\n<p>LongeX confiable es un producto dise\u00f1ado pensando en la seguridad del usuario y generalmente libre de efectos secundarios. Sin embargo, como todo complemento alimenticio, existen una serie de contraindicaciones y factores que conviene tener en cuenta:<\/p>\n<p>Alergia a los ingredientes del producto: Si es al\u00e9rgico a alguno de los ingredientes contenidos en LongeX.<\/p>\n<p>Uso en menores: LongeX est\u00e1 destinado \u00fanicamente a hombres adultos. Los menores y las mujeres no deben utilizarlo.<\/p>\n<h2><b>Efectividad del producto LongeX seg\u00fan los clientes<\/b><\/h2>\n<p>La comunidad de Internet elogia un\u00e1nimemente a LongeX por su eficacia y facilidad de uso. Muchos usuarios destacan que este complemento se ha convertido en un elemento clave para mejorar su vida sexual, ayud\u00e1ndoles a recuperar la confianza y mejorar la calidad de sus experiencias \u00edntimas. Las numerosas cr\u00edticas positivas y experiencias de los usuarios son prueba de que LongeX farmacia del ahorro realmente cumple sus promesas.<\/p>\n<p>Lo invitamos a leer la rese\u00f1a y unirse a la discusi\u00f3n sobre el producto. Al compartir tus experiencias y opiniones, puedes ayudar a otros hombres a encontrar soluciones a sus problemas y ganar confianza en que donde comprar LongeX puede ser la respuesta a sus necesidades. Las opiniones independientes de la comunidad en l\u00ednea pueden ayudar a confirmar la efectividad de un producto y brindarle la confianza de que puede esperar resultados positivos cuando elige precio farmacia del ahorro LongeX.<\/p>\n<h2><b>Opiniones dejadas por consumidores en foros sobre LongeX<\/b><\/h2>\n<p>&nbsp;<\/p>\n<blockquote><p><b>Francisco<\/b><\/p>\n<p>\u00a1Ninguna pastilla ayud\u00f3 tanto como walmart LongeX! El producto funciona al 100%. Compr\u00e9 2 paquetes a la vez, pero ahora quiero tomar otro.<\/p><\/blockquote>\n<p>&nbsp;<\/p>\n<blockquote><p><b>\u00d3scar<\/b><\/p>\n<p>\u00a1La ni\u00f1a dijo que nunca hab\u00eda experimentado tanto placer conmigo! Por supuesto que estoy feliz. Solo com\u00ed 2 c\u00e1psulas LongeX donde lo puedo conseguir. \u00bfQu\u00e9 pasar\u00e1 despu\u00e9s del curso del tratamiento?<\/p><\/blockquote>\n<p>&nbsp;<\/p>\n<blockquote><p><b>Alex<\/b><\/p>\n<p>Todos est\u00e1n felices. No pens\u00e9 que podr\u00eda complacer tanto a mi esposa en su aniversario. Antes de tomar las c\u00e1psulas LongeX, no hab\u00edamos tenido relaciones sexuales durante 2-3 meses. Ahora hacemos el amor todas las semanas.<\/p><\/blockquote>\n<h2><b>\u00bfD\u00f3nde comprar el producto original LongeX a precio reducido?<\/b><\/h2>\n<p><img loading=\"lazy\" decoding=\"async\" class=\"aligncenter size-full wp-image-15\" src=\"http:\/\/promitec.es\/news\/wp-content\/uploads\/2023\/12\/LongeX-8.jpg\" alt=\"LongeX donde lo venden\" width=\"500\" height=\"332\" srcset=\"https:\/\/promitec.es\/news\/wp-content\/uploads\/2023\/12\/LongeX-8.jpg 500w, https:\/\/promitec.es\/news\/wp-content\/uploads\/2023\/12\/LongeX-8-300x199.jpg 300w\" sizes=\"(max-width: 500px) 100vw, 500px\" \/><\/p>\n<p>LongeX es un producto que no est\u00e1 disponible en farmacias tradicionales ni mercados populares. Se eligi\u00f3 esta estrategia para brindar a los clientes confianza en la calidad y originalidad del producto. Al donde lo venden LongeX directamente desde el sitio web oficial del fabricante, puede estar seguro de que recibir\u00e1 un producto aut\u00e9ntico, elaborado cuidadosamente seg\u00fan una f\u00f3rmula \u00fanica de ingredientes.<\/p>\n<p>Actualmente hay una promoci\u00f3n en la web oficial que ofrece precio farmacia similares LongeX con un 50% de descuento. Esta es una gran oportunidad para aprovechar un producto que ayudar\u00e1 a mejorar la vida sexual y la salud de los hombres y, al mismo tiempo, ahorrar\u00e1 una cantidad significativa de dinero. Esto tambi\u00e9n asegura que la compra se completa directamente con el fabricante, lo que garantiza la autenticidad del producto y el acceso a posibles promociones y descuentos.<\/p>\n","protected":false},"excerpt":{"rendered":"<p>LongeX es un suplemento masculino dise\u00f1ado para aumentar la energ\u00eda, resistencia y confianza, ideal para mejorar la vida \u00edntima de forma segura y efectiva. Con ingredientes naturales que estimulan la circulaci\u00f3n y la libido, LongeX ayuda a recuperar la vitalidad y el control en el dormitorio.<\/p>\n","protected":false},"featured_media":12,"comment_status":"open","ping_status":"closed","template":"","meta":[],"product_cat":[18],"product_tag":[],"class_list":{"0":"post-80","1":"product","2":"type-product","3":"status-publish","4":"has-post-thumbnail","6":"product_cat-uncategorized","8":"first","9":"instock","10":"sale","11":"shipping-taxable","12":"purchasable","13":"product-type-simple"},"yoast_head":"<!-- This site is optimized with the Yoast SEO plugin v21.6 - https:\/\/yoast.com\/wordpress\/plugins\/seo\/ -->\n<title>LongeX c\u00e1psulas comprar para potencia en Promitec Tienda<\/title>\n<meta name=\"robots\" content=\"index, follow, max-snippet:-1, max-image-preview:large, max-video-preview:-1\" \/>\n<link rel=\"canonical\" href=\"http:\/\/promitec.es\/news\/product\/longex\/\" \/>\n<meta property=\"og:locale\" content=\"es_ES\" \/>\n<meta property=\"og:type\" content=\"article\" \/>\n<meta property=\"og:title\" content=\"LongeX c\u00e1psulas comprar para potencia en Promitec Tienda\" \/>\n<meta property=\"og:description\" content=\"LongeX es un suplemento masculino dise\u00f1ado para aumentar la energ\u00eda, resistencia y confianza, ideal para mejorar la vida \u00edntima de forma segura y efectiva. Con ingredientes naturales que estimulan la circulaci\u00f3n y la libido, LongeX ayuda a recuperar la vitalidad y el control en el dormitorio.\" \/>\n<meta property=\"og:url\" content=\"http:\/\/promitec.es\/news\/product\/longex\/\" \/>\n<meta property=\"og:site_name\" content=\"promitec\" \/>\n<meta property=\"article:modified_time\" content=\"2024-10-30T11:21:14+00:00\" \/>\n<meta property=\"og:image\" content=\"http:\/\/promitec.es\/news\/wp-content\/uploads\/2023\/12\/LongeX.jpg\" \/>\n\t<meta property=\"og:image:width\" content=\"340\" \/>\n\t<meta property=\"og:image:height\" content=\"305\" \/>\n\t<meta property=\"og:image:type\" content=\"image\/jpeg\" \/>\n<meta name=\"twitter:card\" content=\"summary_large_image\" \/>\n<meta name=\"twitter:label1\" content=\"Tiempo de lectura\" \/>\n\t<meta name=\"twitter:data1\" content=\"9 minutos\" \/>\n<script type=\"application\/ld+json\" class=\"yoast-schema-graph\">{\"@context\":\"https:\/\/schema.org\",\"@graph\":[{\"@type\":\"WebPage\",\"@id\":\"http:\/\/promitec.es\/news\/product\/longex\/\",\"url\":\"http:\/\/promitec.es\/news\/product\/longex\/\",\"name\":\"LongeX c\u00e1psulas comprar para potencia en Promitec Tienda\",\"isPartOf\":{\"@id\":\"https:\/\/promitec.es\/news\/#website\"},\"datePublished\":\"2024-10-26T16:34:04+00:00\",\"dateModified\":\"2024-10-30T11:21:14+00:00\",\"breadcrumb\":{\"@id\":\"http:\/\/promitec.es\/news\/product\/longex\/#breadcrumb\"},\"inLanguage\":\"es\",\"potentialAction\":[{\"@type\":\"ReadAction\",\"target\":[\"http:\/\/promitec.es\/news\/product\/longex\/\"]}]},{\"@type\":\"BreadcrumbList\",\"@id\":\"http:\/\/promitec.es\/news\/product\/longex\/#breadcrumb\",\"itemListElement\":[{\"@type\":\"ListItem\",\"position\":1,\"name\":\"Home\",\"item\":\"https:\/\/promitec.es\/news\/\"},{\"@type\":\"ListItem\",\"position\":2,\"name\":\"Tienda\",\"item\":\"https:\/\/promitec.es\/news\/\"},{\"@type\":\"ListItem\",\"position\":3,\"name\":\"LongeX\"}]},{\"@type\":\"WebSite\",\"@id\":\"https:\/\/promitec.es\/news\/#website\",\"url\":\"https:\/\/promitec.es\/news\/\",\"name\":\"promitec\",\"description\":\"news\",\"publisher\":{\"@id\":\"https:\/\/promitec.es\/news\/#organization\"},\"potentialAction\":[{\"@type\":\"SearchAction\",\"target\":{\"@type\":\"EntryPoint\",\"urlTemplate\":\"https:\/\/promitec.es\/news\/?s={search_term_string}\"},\"query-input\":\"required name=search_term_string\"}],\"inLanguage\":\"es\"},{\"@type\":\"Organization\",\"@id\":\"https:\/\/promitec.es\/news\/#organization\",\"name\":\"promitec\",\"url\":\"https:\/\/promitec.es\/news\/\",\"logo\":{\"@type\":\"ImageObject\",\"inLanguage\":\"es\",\"@id\":\"https:\/\/promitec.es\/news\/#\/schema\/logo\/image\/\",\"url\":\"https:\/\/promitec.es\/news\/wp-content\/uploads\/2023\/12\/cropped-\u0421\u043d\u0438\u043c\u043e\u043a-\u044d\u043a\u0440\u0430\u043d\u0430-2023-12-14-\u0432-03.04.15.png\",\"contentUrl\":\"https:\/\/promitec.es\/news\/wp-content\/uploads\/2023\/12\/cropped-\u0421\u043d\u0438\u043c\u043e\u043a-\u044d\u043a\u0440\u0430\u043d\u0430-2023-12-14-\u0432-03.04.15.png\",\"width\":658,\"height\":234,\"caption\":\"promitec\"},\"image\":{\"@id\":\"https:\/\/promitec.es\/news\/#\/schema\/logo\/image\/\"}}]}<\/script>\n<!-- \/ Yoast SEO plugin. -->","yoast_head_json":{"title":"LongeX c\u00e1psulas comprar para potencia en Promitec Tienda","robots":{"index":"index","follow":"follow","max-snippet":"max-snippet:-1","max-image-preview":"max-image-preview:large","max-video-preview":"max-video-preview:-1"},"canonical":"http:\/\/promitec.es\/news\/product\/longex\/","og_locale":"es_ES","og_type":"article","og_title":"LongeX c\u00e1psulas comprar para potencia en Promitec Tienda","og_description":"LongeX es un suplemento masculino dise\u00f1ado para aumentar la energ\u00eda, resistencia y confianza, ideal para mejorar la vida \u00edntima de forma segura y efectiva. Con ingredientes naturales que estimulan la circulaci\u00f3n y la libido, LongeX ayuda a recuperar la vitalidad y el control en el dormitorio.","og_url":"http:\/\/promitec.es\/news\/product\/longex\/","og_site_name":"promitec","article_modified_time":"2024-10-30T11:21:14+00:00","og_image":[{"width":340,"height":305,"url":"http:\/\/promitec.es\/news\/wp-content\/uploads\/2023\/12\/LongeX.jpg","type":"image\/jpeg"}],"twitter_card":"summary_large_image","twitter_misc":{"Tiempo de lectura":"9 minutos"},"schema":{"@context":"https:\/\/schema.org","@graph":[{"@type":"WebPage","@id":"http:\/\/promitec.es\/news\/product\/longex\/","url":"http:\/\/promitec.es\/news\/product\/longex\/","name":"LongeX c\u00e1psulas comprar para potencia en Promitec Tienda","isPartOf":{"@id":"https:\/\/promitec.es\/news\/#website"},"datePublished":"2024-10-26T16:34:04+00:00","dateModified":"2024-10-30T11:21:14+00:00","breadcrumb":{"@id":"http:\/\/promitec.es\/news\/product\/longex\/#breadcrumb"},"inLanguage":"es","potentialAction":[{"@type":"ReadAction","target":["http:\/\/promitec.es\/news\/product\/longex\/"]}]},{"@type":"BreadcrumbList","@id":"http:\/\/promitec.es\/news\/product\/longex\/#breadcrumb","itemListElement":[{"@type":"ListItem","position":1,"name":"Home","item":"https:\/\/promitec.es\/news\/"},{"@type":"ListItem","position":2,"name":"Tienda","item":"https:\/\/promitec.es\/news\/"},{"@type":"ListItem","position":3,"name":"LongeX"}]},{"@type":"WebSite","@id":"https:\/\/promitec.es\/news\/#website","url":"https:\/\/promitec.es\/news\/","name":"promitec","description":"news","publisher":{"@id":"https:\/\/promitec.es\/news\/#organization"},"potentialAction":[{"@type":"SearchAction","target":{"@type":"EntryPoint","urlTemplate":"https:\/\/promitec.es\/news\/?s={search_term_string}"},"query-input":"required name=search_term_string"}],"inLanguage":"es"},{"@type":"Organization","@id":"https:\/\/promitec.es\/news\/#organization","name":"promitec","url":"https:\/\/promitec.es\/news\/","logo":{"@type":"ImageObject","inLanguage":"es","@id":"https:\/\/promitec.es\/news\/#\/schema\/logo\/image\/","url":"https:\/\/promitec.es\/news\/wp-content\/uploads\/2023\/12\/cropped-\u0421\u043d\u0438\u043c\u043e\u043a-\u044d\u043a\u0440\u0430\u043d\u0430-2023-12-14-\u0432-03.04.15.png","contentUrl":"https:\/\/promitec.es\/news\/wp-content\/uploads\/2023\/12\/cropped-\u0421\u043d\u0438\u043c\u043e\u043a-\u044d\u043a\u0440\u0430\u043d\u0430-2023-12-14-\u0432-03.04.15.png","width":658,"height":234,"caption":"promitec"},"image":{"@id":"https:\/\/promitec.es\/news\/#\/schema\/logo\/image\/"}}]}},"_links":{"self":[{"href":"https:\/\/promitec.es\/news\/wp-json\/wp\/v2\/product\/80"}],"collection":[{"href":"https:\/\/promitec.es\/news\/wp-json\/wp\/v2\/product"}],"about":[{"href":"https:\/\/promitec.es\/news\/wp-json\/wp\/v2\/types\/product"}],"replies":[{"embeddable":true,"href":"https:\/\/promitec.es\/news\/wp-json\/wp\/v2\/comments?post=80"}],"wp:featuredmedia":[{"embeddable":true,"href":"https:\/\/promitec.es\/news\/wp-json\/wp\/v2\/media\/12"}],"wp:attachment":[{"href":"https:\/\/promitec.es\/news\/wp-json\/wp\/v2\/media?parent=80"}],"wp:term":[{"taxonomy":"product_cat","embeddable":true,"href":"https:\/\/promitec.es\/news\/wp-json\/wp\/v2\/product_cat?post=80"},{"taxonomy":"product_tag","embeddable":true,"href":"https:\/\/promitec.es\/news\/wp-json\/wp\/v2\/product_tag?post=80"}],"curies":[{"name":"wp","href":"https:\/\/api.w.org\/{rel}","templated":true}]}}